 multiple of 5?
False
Is 29 a factor of 1392?
True
Does 153 divide 5967?
True
Is 23 a factor of 3850?
False
Does 108 divide 71359?
False
Is 8 a factor of 868?
False
Does 19 divide 886?
False
Is 6 a factor of 2205?
False
Is 15480 a multiple of 30?
True
Does 9 divide 999?
True
Does 21 divide 1953?
True
Is 983 a multiple of 9?
False
Is 45 a factor of 315?
True
Is 78 a factor of 11076?
True
Is 594 a multiple of 30?
False
Is 17 a factor of 1347?
False
Is 51 a factor of 73695?
True
Does 52 divide 6140?
False
Is 14742 a multiple of 26?
True
Is 3930 a multiple of 20?
False
Is 21 a factor of 2173?
False
Is 86 a factor of 1720?
True
Is 13 a factor of 117?
True
Is 5940 a multiple of 15?
True
Is 15 a factor of 872?
False
Is 988 a multiple of 4?
True
Does 3 divide 248?
False
Is 1377 even?
False
Does 29 divide 11339?
True
Does 15 divide 225?
True
Is 40605 a multiple of 15?
True
Is 3 a factor of 255?
True
Is 293 even?
False
Is 29 a factor of 25869?
False
Is 190 a multiple of 10?
True
Is 2148 a multiple of 8?
False
Is 54 a factor of 7575?
False
Does 150 divide 36626?
False
Is 101 a factor of 1414?
True
Does 4 divide 30?
False
Is 1414 a multiple of 7?
True
Does 9 divide 3699?
True
Is 12930 a multiple of 217?
False
Does 23 divide 199?
False
Is 8 a factor of 73704?
True
Is 571 a multiple of 63?
False
Does 51 divide 28882?
False
Does 3 divide 1172?
False
Is 279 a multiple of 2?
False
Does 94 divide 37763?
False
Does 164 divide 41093?
False
Does 11 divide 43560?
True
Does 3 divide 456?
True
Is 8915 a multiple of 31?
False
Is 12844 a multiple of 26?
True
Is 5440 a multiple of 64?
True
Is 79 a factor of 3871?
True
Is 96 a factor of 9181?
False
Is 181 a factor of 11222?
True
Is 13382 a multiple of 110?
False
Is 8 a factor of 183?
False
Is 3610 a multiple of 111?
False
Is 28720 a multiple of 14?
False
Is 5673 a multiple of 61?
True
Is 4655 a multiple of 7?
True
Is 143830 a multiple of 95?
True
Is 775 a multiple of 16?
False
Is 1097 a multiple of 76?
False
Is 6 a factor of 54?
True
Is 13 a factor of 12090?
True
Is 373 a factor of 41030?
True
Is 508 a multiple of 2?
True
Is 789 a multiple of 20?
False
Is 195 a multiple of 5?
True
Does 21 divide 861?
True
Does 7 divide 23439?
False
Is 4 a factor of 132?
True
Does 34 divide 493?
False
Is 111488 a multiple of 13?
True
Does 53 divide 424?
True
Is 6 a factor of 1526?
False
Is 27 a factor of 1217?
False
Does 43 divide 387?
True
Does 19 divide 9842?
True
Is 2565 a multiple of 13?
False
Is 96 a factor of 10938?
False
Does 36 divide 936?
True
Is 4155 a multiple of 5?
True
Does 15 divide 9270?
True
Is 102340 a multiple of 430?
True
Is 21 a factor of 126?
True
Is 3611 a multiple of 23?
True
Does 13 divide 142?
False
Is 29 a factor of 4147?
True
Is 29 a factor of 1663?
False
Is 3 a factor of 113?
False
Is 21674 a multiple of 10?
False
Is 52 a factor of 565?
False
Is 1097 a multiple of 8?
False
Does 21 divide 1049?
False
Is 18 a factor of 34?
False
Does 31 divide 3038?
True
Is 54 a factor of 679?
False
Is 2196 even?
True
Is 10422 a multiple of 152?
False
Is 69 a factor of 483?
True
Is 11627 a multiple of 7?
True
Does 6 divide 1392?
True
Is 260 a multiple of 26?
True
Is 140 a multiple of 5?
True
Is 44 a factor of 1210?
False
Is 14 a factor of 588?
True
Does 24 divide 6864?
True
Is 234 a multiple of 13?
True
Is 36 a factor of 780?
False
Is 992 a multiple of 27?
False
Is 10 a factor of 12675?
False
Does 3 divide 219?
True
Is 3629 a multiple of 10?
False
Is 91 a factor of 27573?
True
Does 31 divide 407?
False
Is 44353 a multiple of 15?
False
Is 40338 a multiple of 18?
True
Is 2873 a multiple of 11?
False
Is 16150 a multiple of 10?
True
Does 13 divide 1027?
True
Is 103 a factor of 122627?
False
Does 13 divide 429?
True
Is 2678 a multiple of 26?
True
Is 1800 a multiple of 10?
True
Is 984 a multiple of 82?
True
Does 4 divide 501?
False
Is 1005 a multiple of 67?
True
Is 129 a factor of 2838?
True
Is 50 a multiple of 2?
True
Is 16 a factor of 2699?
False
Is 11 a factor of 12420?
False
Is 304 a multiple of 16?
True
Does 176 divide 48212?
False
Is 130 a factor of 6008?
False
Is 170 a factor of 22626?
False
Does 14 divide 1708?
True
Is 17 a multiple of 3?
False
Is 1728 a multiple of 9?
True
Is 6240 a multiple of 16?
True
Is 55 a factor of 5141?
False
Does 77 divide 4420?
False
Is 686 a multiple of 14?
True
Is 17524 a multiple of 256?
False
Is 86 a factor of 2408?
True
Does 171 divide 2054?
False
Does 34 divide 4318?
True
Is 63840 a multiple of 160?
True
Is 4599 a multiple of 73?
True
Is 14 a factor of 62?
False
Is 4844 a multiple of 3?
False
Is 4021 a multiple of 72?
False
Is 827 a multiple of 8?
False
Is 26 a factor of 754?
True
Is 77511 a multiple of 51?
False
Is 745 a multiple of 5?
True
Is 197 a multiple of 8?
False
Is 4941 a multiple of 61?
True
Does 126 divide 24925?
False
Is 18 a factor of 1691?
False
Is 3181 a multiple of 22?
False
Is 530 a multiple of 11?
False
Does 29 divide 5099?
False
Is 52 a factor of 208?
True
Is 13 a factor of 80106?
True
Is 228 a factor of 95532?
True
Is 11 a factor of 22?
True
Is 100 a factor of 14381?
False
Does 214 divide 51788?
True
Is 50922 a multiple of 27?
True
Is 15 a factor of 14357?
False
Does 90 divide 6813?
False
Is 203 a multiple of 29?
True
Does 26 divide 117?
False
Is 6489 a multiple of 21?
True
Is 21 a multiple of 11?
False
Is 101 a factor of 3111?
False
Is 29237 a multiple of 19?
False
Does 33 divide 2020?
False
Is 10 a factor of 19450?
True
Is 74 a factor of 1036?
True
Is 56 a factor of 1568?
True
Is 1159 a multiple of 61?
True
Is 46 a factor of 3956?
True
Is 27897 a multiple of 79?
False
Does 11 divide 2167?
True
Is 30 a factor of 2700?
True
Is 48 a factor of 144?
True
Does 11 divide 62139?
True
Is 8672 a multiple of 22?
False
Is 34464 a multiple of 24?
True
Is 14 a factor of 5238?
False
Does 76 divide 12302?
False
Is 9675 a multiple of 43?
True
Is 32 a factor of 13475?
False
Does 86 divide 7826?
True
Is 21744 a multiple of 8?
True
Is 52 a factor of 5356?
True
Does 16 divide 320?
True
Is 4 a factor of 799?
False
Does 22 divide 1122?
True
Is 9 a factor of 469?
False
Is 160 a factor of 21677?
False
Does 13 divide 675?
False
Is 1008 a multiple of 24?
True
Is 21 a factor of 147?
True
Is 5060 a multiple of 55?
True
Is 26 a factor of 2325?
False
Is 5 a factor of 290?
True
Does 25 divide 1590?
False
Is 1355 a multiple of 40?
False
Does 69 divide 1242?
True
Is 1664 a multiple of 64?
True
Does 26 divide 390?
True
Does 14 divide 1342?
False
Is 26763 a multiple of 13?
False
Does 76 divide 25956?
False
Is 9 a factor of 12969?
True
Is 29 a factor of 21170?
True
Is 70 a factor of 69370?
True
Is 20 a factor of 200?
True
Does 3 divide 27639?
True
Is 60288 a multiple of 48?
True
Is 31 a factor of 24341?
False
Is 65 a multiple of 22?
False
Is 820 a multiple of 5?
True
Is 4 a factor of 674?
False
Does 28 divide 20468?
True
Is 1675 a multiple of 21?
False
Is 4 a factor of 338?
False
Does 181 divide 15201?
False
Is 10206 a multiple of 27?
True
Does 6 divide 8184?
True
Is 19456 a multiple of 16?
True
Is 1505 a multiple of 110?
False
Is 4252 a multiple of 26?
False
Is 2834 a multiple of 26?
True
Does 63 divide 29592?
False
Does 62 divide 3054?
False
Does 12 divide 2814?
False
Is 36725 a multiple of 113?
True
Is 6952 a multiple of 88?
True
Is 3572 a multiple of 44?
False
Is 11176 a multiple of 52?
False
Is 113 a factor of 12407?
False
Is 2 a factor of 1664?
True
Is 318 a multiple of 52?
False
Is 13 a factor of 2717?
True
Does 6 divide 8406?
True
Does 12 divide 3324?
True
Does 201 divide 90898?
False
Is 2962 a multiple of 11?
False
Is 1071 a multiple of 7?
True
Is 25 a factor of 10300?
True
Does 88 divide 49141?
False
Is 317 a factor of 40458?
False
Is 2 a factor of 828?
True
Is 8 a factor of 174?
False
Is 8 a factor of 104?
True
Is 11685 a multiple of 100?
False
Is 62 a factor of 1488?
True
Does 62 divide 14415?
False
Is 19072 a multiple of 58?
False
Is 8368 a multiple of 114?
False
Does 219 divide 31755?
True
Does 4 divide 2553?
False
Is 2016 a multiple of 18?
True
Is 24 a factor of 8808?
True
Is 828 a multiple of 18?
True
Is 8 a factor of 288?
True
Is 4574 a multiple of 138?
False
Does 86 divide 56502?
True
Does 15 divide 675?
True
Is 336 a multiple of 12?
True
Is 10 a factor of 171538?
False
Is 1496 a multipl